2.
-5
What is the value of (-1 - -7 - 2) + -3?
1
Calculate (8 + -1 - 9) + 10.
8
3 - (-4 - -1 - -6)
0
2 + -8 + 5 + 5
4
Calculate 10 - (-1 - (0 - 6)).
5
What is -1 + (-2 - -4) + 5 + -4?
2
What is the value of (2 - (2 + -7)) + (-3 - -3)?
7
What is 1 + -2 + -1 + -1 - 2?
-5
What is the value of (1 - 8) + 4 + (-3 - -3)?
-3
What is (-3 - -3) + -1 + -2?
-3
Calculate 9 - (5 - (-11 - -17)).
10
Calculate 1 - -2 - (-7 + 11 - 4).
3
What is -9 - (-28 + 10 - -8)?
1
-1 + 4 + (13 - 20)
-4
0 - (2 + (-5 - -3))
0
Calculate -5 - (-2 - (3 + -4)).
-4
What is -5 - -5 - 5 - -1?
-4
Calculate (-3 - -5) + -1 - (1 - 1).
1
Calculate 2 + -4 + 1 - 3.
-4
What is 1 + 4 + -4 - -1?
2
Evaluate 3 - (-3 + -1 + 7).
0
What is the value of 2 + (2 - (1 + -2))?
5
(4 + -3 - 0 - 10) + 3
-6
What is 9 - (6 - 6 - -9)?
0
What is the value of (-8 - -4 - (-3 - 1)) + 3?
3
What is -2 + -1 - (9 - 5) - -3?
-4
Calculate (16 - 4) + 1 - (7 - 0).
6
What is 9 - (-7 + 7 + 8)?
1
Calculate -21 + 27 - (7 - -2).
-3
5 + -2 + -8 + 23 + -19
-1
Evaluate 4 - (0 + 6 + -5) - -2.
5
What is the value of 7 + (-5 + 1 - 0)?
3
Calculate 0 - (1 + -7 - -6).
0
Calculate 1 - (-7 + 5) - 6.
-3
-11 - -2 - (-10 + 2) - -5
4
What is -5 - -7 - -1 - (-2 + 1)?
4
What is the value of 9 - (2 - -12) - -9?
4
Calculate (2 - (-3 + 9 - 1)) + 2.
-1
Calculate 9 + -1 + -9 + 6.
5
Evaluate (0 - 4 - -5) + 2 + -5.
-2
What is -2 + (-1 - -3) + 0 + 3?
3
What is the value of (0 - -2) + 5 - (5 - 3)?
5
What is the value of -13 + -1 - -5 - -5?
-4
What is 2 - (0 + 1 + 1)?
0
Calculate (-8 - -10) + -3 + 1.
0
What is 2 + -3 + -1 + -2?
-4
Calculate 10 - (7 + 1) - 11.
-9
What is -1 + -4 + (4 - 2)?
-3
Evaluate (0 + 5 - -2) + 0 + -3.
4
14 + (-6 - -4 - 7)
5
What is the value of -3 + (30 + -9 - 12)?
6
Evaluate (4 - -4) + -2 + (11 - 16).
1
Evaluate 1 + (-1 - (2 - 7)).
5
What is 1 + (-1 - 2 - (-2 - -1))?
-1
-4 + (-17 + 19 - (2 + -1))
-3
-12 + 13 - (5 + 1)
-5
What is the value of -6 + 4 + 1 - (2 - -1)?
-4
Evaluate 4 + 0 - (3 + (1 - 1)).
1
3 + 3 - (6 + -4)
4
Evaluate 1 + (-1 - (2 + (-1 - 1))).
0
What is the value of 3 + -1 + -4 + 3 - -1?
2
Calculate (-4 - -13 - 10) + 0.
-1
Calculate 5 + (4 - 7) + 3.
5
Calculate (-5 - (-4 - 6)) + 0.
5
Evaluate (-3 - -4) + -2 + -7 + 8.
0
What is the value of (12 - 9 - 2) + 7?
8
Calculate 1 - (2 + -4) - (2 + 5).
-4
What is -6 - (-18 - -9 - 3)?
6
Calculate (-51 - -53) + (-2 - -4 - 1).
3
Evaluate 8 - (11 - 17) - 10.
4
Calculate 0 + -15 + -1 - -11.
-5
Evaluate (-4 - 6) + 3 + 6 + -4.
-5
What is the value of 0 + (7 + 1 - (-1 - -4))?
5
Calculate 8 + -12 + 7 - (0 + -3).
6
Calculate (8 - 4) + -4 + -1.
-1
Evaluate 6 + (9 + -17 - -1).
-1
-12 - ((3 - -3) + (-11 - -3))
-10
Evaluate -7 - (-6 + 0 - 7 - -5).
1
Calculate 1 + 2 + -43 + 40.
0
What is -28 + 30 + -3 + (-6 - 1)?
-8
Evaluate -5 + 2 + 8 - 5.
0
5 - (0 - -7) - (-6 - 1)
5
What is the value of -2 - (-1 - (0 + 1))?
0
Calculate -3 - ((-3 - 1) + -12 + 14).
-1
What is the value of -15 - ((3 - 14) + 0)?
-4
-1 + 4 + -10 + 13
6
What is (-3 - -5) + -4 - (-2 + 1)?
-1
Calculate (2 - (0 - 2)) + 23 + -26.
1
1 - -1 - (3 - 1)
0
(-8 - -4) + 6 + (-1 - -2)
3
Evaluate 1 - ((-6 - -16) + -4).
-5
What is 1 - 0 - -2 - 4?
-1
1 + (-1 - (-1 - -1))
0
Evaluate -2 + (-3 + 1 - -4) + -3.
-3
What is the value of (14 - 4) + (-30 - -24)?
4
What is the value of 11 + -13 + (1 - -2)?
1
What is 0 - (14 + (7 - 10) - 3)?
-8
Calculate 2 - (4 + -10 + 10).
-2
Evaluate 2 - 0 - (-5 - -6).
1
What is the value of 1 + (-1 - -7) - 6?
1
Calculate (-6 - -2) + 2 - (-2 + 5).
-5
Evaluate -1 + (-5 - -7) - (1 + 3).
-3
Calculate (3 + 1 + -4 - -1) + 4.
5
What is the value of 0 + -1 - (4 - 2)?
-3
What is (0 - (2 + -1)) + 1 - -2?
2
What is the value of (-21 - -24) + -2 + -7 - -6?
0
(0 - 1) + -1 - -4
2
-2 - -1 - (-2 - -7 - 1)
-5
Evaluate 0 + -3 - (11 + -13 - -3).
-4
What is -3 - (-36 + 28 - (1 + -4))?
2
Evaluate -17 - (-11 - -10) - -9.
-7
-2 + 6 + -2 + 3
5
What is (-1 - 1) + (1 - 3) + 2?
-2
Calculate -1 + (0 - -7) + -1 - 3.
2
Evaluate -1 - 1 - (12 + -6) - -3.
-5
0 + 9 + -6 - 2
1
What is 1 + 0 + (-1 + -4 - -9)?
5
-8 + 3 + 1 + 7
3
Calculate (-6 - -3) + -1 + (1 - -6).
3
Calculate -8 - (12 - 10 - 2).
-8
What is the value of 4 + 2 + (0 - (3 + 0))?
3
Calculate 2 + 5 + -14 + 2.
-5
What is (0 - -1) + 0 - (80 - 83)?
4
What is the value of 2 + (-7 - -4 - (0 + -1))?
0
What is the value of -3 + -3 + 0 + 10 + -5?
-1
Evaluate -4 + 18 + -1 + (-7 - 0).
6
Evaluate 6 + -2 - (13 - 5) - -6.
2
(4 - 4) + 5 - 3
2
Evaluate 0 + (2 + 3 - (-1 + 4)).
2
Calculate -3 + 2 + (2 + -3 - 1).
-3
(-9 - (-1 - 8)) + 9
9
-2 + (4 - 5) + 2
-1
Evaluate -1 + -12 - (-29 + 8).
8
Calculate 7 - (10 - 0 - 7).
4
Evaluate 0 - (-1 + 3) - -5.
3
What is -4 - (1 + -12) - 3?
4
Evaluate (-15 - (7 - 1 - 12)) + 4.
-5
Calculate 9 - 19 - (-1 - 5).
-4
Evaluate 1 + (2 - -1 - (2 - -4)).
-2
Calculate -1 + 2 - 2 - (3 + -11).
7
-1 + 3 + 3 + -6
-1
-5 - -14 - 5 - 0
4
What is 0 + -7 + -4 + (5 - -2)?
-4
What is the value of -5 - (-3 + -3) - 1?
0
Calculate (1 - -4) + -6 + 6.
5
What is -4 + 8 + -6 + 8?
6
What is the value of 4 + (-6 + (1 - 4) - -5)?
0
What is the value of (-7 - -8 - -14) + -7?
8
What is 5 - (7 + (10 - 16))?
4
What is -6 + 2 + (-3 + 7 - -3)?
3
What is -1 + -2 + (2 - -3) + -5?
-3
What is the value of 8 + -2 - (1 - (3 + -10))?
-2
-5 - (-5 + (0 - 1))
1
Evaluate (2 - (0 - 0)) + -4.
-2
What is (1 + -1 - -2 - -1) + -3?
0
0 + -1 - (6 + (-2 - 10))
5
-8 + 74 + -74 + -1 + 8
-1
What is the value of 1 - (-2 + (0 - 2))?
5
(-2 - -1) + -1 - (2 + -4)
0
What is the value of -5 - -3 - -8 - (1 + 1)?
4
Calculate 4 - (-3 + 7 - -4).
-4
What is (-10 - -7 - 0) + 2?
-1
Evaluate (3 - (1 + -3)) + 1 + -4.
2
Calculate (1 - 13) + 3 + (1 - -2).
-6
What is the value of -11 - (-10 + -7 + 6)?
0
Evaluate -3 + (1 + 5 - (0 + 1)).
2
Calculate (-35 - -45) + (0 - 5) - 10.
-5
Evaluate 1 + (14 - 12) - -6.
9
Evaluate 10 - 9 - (4 + 4 - -1).
-8
What is (4 - 7) + 1 + 3 + -1?
0
What is the value of 6 + (-4 - (-6 - -8) - -6)?
6
What is the value of 8 - 5 - (-12 + 10)?
5
Calculate -4 - (-3 - -2 - (7 + -5)).
-1
Calculate -114 - -107 - (-1 - 0).
-6
Evaluate 0 - (0 - (-6 + 0) - 1).
-5
What is 4 - ((-2 - (-3 + -3)) + 3)?
-3
What is (-3 - (-10 + 5)) + -3?
-1
What is the value of -1 - (10 - (11 + -5))?
-5
What is the value of (11 - 26 - -4) + 7?
-4
6 + -10 - (-2 - -3)
-5
-1 + 11 + 47 + -52 + -9
-4
Calculate 0 + (2 - (-1 - -1)).
2
What is the value of (1 - 0) + (-3 - -1) - -6?
5
Calculate -1 + -1 - (20 + -21).
-1
What is -1 + 6 + (0 + 11 - 14)?
2
5 + -3 + -3 + (3 - 1)
1
What is (-2 - 1 - 0) + 7 + -3?
1
8 + -12 - (2 - (2 + 6))
2
Calculate -11 + (6 - -3) + 0.
-2
What is -3 + (7 + 0 - 8)?
-4
Calculate -7 + 1 - (-23 - -7).
10
Calculate -1 + -5 + (-6 - -10).
-2
Evaluate 2 + (-1 - -2) + -2.
1
What is the value of -4 + -4 + 0 + 8?
0
Calculate 0 + -10 - (7 - (-10 - -20)).
-7
Calculate (4 + -9 - -2) + 3 - 0.
0
Calculate 6 - (-4 - (-7 + -1)) - -1.
3
What is -8 - -4 - (-5 - 5)?
6
What is 3 + -2 + -11 + 10?
0
Calculate -5 + 12 + -4 + -6 + 5.
2
What is the value of 0 + (-3 - -1 - -9) + -13?
-6
What is -4 - -21 - 9 - 9?
-1
What is 2 - 1 - (2 + 2 + -6)?
3
Evaluate 67 - 66 - (2 + -7 + -2).
8
What is 0 + (-1 - -3) + -14 + 14?
2
Calculate (-1 - -1 - -4) + -6.
-2
-6 + (3 + (-7 - -3) - -1)
-6
15 - (4 + 6) - 1
4
(7 - (1 + 14)) + 7
-1
Evaluate 11 - (13 + -13 + 6).
5
What is -2 + 14 + (4 - (-5 - -15))?
6
What is the value of (-27 - -23) + -1 + -2?
-7
What is 5 - 8 - (-7 - -3)?
1
What is the value of (17 - (-15 + 37)) + 14 + 0?
9
What is the value of 1 + 3 + (-2 - -2)?
4
What is the value of -8 - (-6 - (0 - -7))?
5
4 + 2 + (-3 - 4)
-1
0 + (-2 - -2) - (-6 - 0)
6
What is 4 - 2 - 6 - 0?
-4
What is 3 - (-2 + (6 - 0))?
-1
1 + -1 + -3 + 172 + -168
1
Calculate -3 + -3 - (0 + -3).
-3
What is the value of (4 - (1 + -2)) + 5 + -7?
3
Calculate 3 - (-62 - -63 - (1 + 0)).
3
What is the value of 2 + -13 + 7 + 2?
-2
What is the value of 1 + -2 - (-42 + 31) - 2?
8
What is the value of (178 - 179) + (1 - -7) + 0?
7
Evaluate (-8 - 4) + 7 - (1 - 9).
3
What is the value of -3 + (1 - -5) - -2?
5
Evaluate 0 - (-8 + 1 + 2).
5
Calculate -2 - (2 - 10) - (-18 + 19).
5
-9 - -3 - (4 - 9)
-1
(8 - 3) + -3 + -4
-2
-3 - 1 - (-3 + -1)
0
Calculate 1 - -6 - (22 + -19).
4
Evaluate (3 - (3 + -2) - 5) + 4.
1
What is -1 + -1 - 1 - (-12 + 8)?
1
10 + (3 + -4 - 4)
5
What is the value of -21 + 7 - (-1 - 8)?
-5
-4 - (-23 + 8 + 7